9, 77023
List the prime factors of 4703973938.
2, 23, 131, 780613
List the prime factors of 353495656.
2, 44186957
What are the prime factors of 6833887395?
3, 5, 455592493
What are the prime factors of 265915204?
2, 53, 1254317
List the prime factors of 35045744.
2, 23, 95233
List the prime factors of 41467058.
2, 89, 232961
List the prime factors of 380885601.
3, 827, 153521
What are the prime factors of 42807657?
3, 229, 62311
What are the prime factors of 1359194541?
3, 453064847
List the prime factors of 4468504304.
2, 11, 2683, 9463
List the prime factors of 469883773.
1987, 236479
List the prime factors of 199811743.
571, 349933
What are the prime factors of 903118946?
2, 451559473
List the prime factors of 39878591.
5381, 7411
What are the prime factors of 7963837529?
241, 33044969
What are the prime factors of 724785673?
31, 23380183
List the prime factors of 390563950.
2, 5, 7, 17, 41, 1601
List the prime factors of 1529869031.
83, 18432157
What are the prime factors of 270102353?
659, 409867
List the prime factors of 4722391218.
2, 3, 1621, 485543
What are the prime factors of 57409497?
3, 977, 6529
What are the prime factors of 71210762?
2, 7, 5086483
What are the prime factors of 259992575?
5, 23, 452161
What are the prime factors of 1588040?
2, 5, 29, 37
List the prime factors of 7425621149.
151, 49176299
What are the prime factors of 7784545?
5, 1556909
List the prime factors of 366099438.
2, 3, 61016573
List the prime factors of 12768057.
3, 19, 24889
What are the prime factors of 134629280?
2, 5, 31, 27143
What are the prime factors of 1639044266?
2, 819522133
What are the prime factors of 55580589?
3, 89, 69389
What are the prime factors of 64356319?
2141, 30059
What are the prime factors of 1431368390?
2, 5, 143136839
List the prime factors of 171435901.
7, 13, 73, 131, 197
What are the prime factors of 28147983?
3, 2879, 3259
What are the prime factors of 73779628?
2, 13, 31, 37, 1237
List the prime factors of 448256342.
2, 31, 7229941
List the prime factors of 3549652978.
2, 461, 3849949
What are the prime factors of 555792551?
5449, 101999
List the prime factors of 12867292.
2, 457, 7039
List the prime factors of 30492931.
7, 4356133
What are the prime factors of 882429974?
2, 229, 1926703
What are the prime factors of 31772996?
2, 7943249
What are the prime factors of 175419300?
2, 3, 5, 7, 103, 811
What are the prime factors of 21040159?
7, 107, 4013
What are the prime factors of 3490433121?
3, 7, 23744443
What are the prime factors of 6904307?
673, 10259
List the prime factors of 1014960611.
7, 4219, 34367
List the prime factors of 53084225.
5, 2123369
What are the prime factors of 238854551?
13, 43, 89, 4801
List the prime factors of 4144512888.
2, 3, 311, 185089
List the prime factors of 46792822.
2, 23396411
List the prime factors of 3078504496.
2, 149, 1049, 1231
List the prime factors of 641371237.
13, 4073, 12113
What are the prime factors of 1801309914?
2, 3, 3706399
List the prime factors of 129367312.
2, 47, 172031
List the prime factors of 981228022.
2, 2309, 212479
List the prime factors of 213727867.
73, 2927779
List the prime factors of 72517355.
5, 14503471
List the prime factors of 2690669873.
2690669873
List the prime factors of 1302523587.
3, 19, 251, 30347
What are the prime factors of 3751342329?
3, 7, 178635349
What are the prime factors of 2959544324?
2, 11, 6114761
List the prime factors of 289239520.
2, 5, 1283, 1409
List the prime factors of 59779423.
11, 523, 10391
List the prime factors of 61387850.
2, 5, 17, 72221
What are the prime factors of 624725384?
2, 17, 4593569
List the prime factors of 3129965266.
2, 19, 61, 1350287
What are the prime factors of 348164722?
2, 43, 181, 22367
List the prime factors of 1995571772.
2, 498892943
What are the prime factors of 467765709?
3, 1063, 146681
What are the prime factors of 18168997?
7, 11, 19, 1129
What are the prime factors of 13784783?
101, 136483
List the prime factors of 37017219.
3, 41, 300953
What are the prime factors of 64192639?
7, 9170377
What are the prime factors of 106431488?
2, 23, 4519
What are the prime factors of 1478272410?
2, 3, 5, 107, 51169
List the prime factors of 897649240.
2, 5, 47, 10159
List the prime factors of 365505247.
617, 592391
List the prime factors of 61865097.
3, 7, 420851
What are the prime factors of 339646105?
5, 103, 281, 2347
What are the prime factors of 2941276193?
29, 101423317
List the prime factors of 496851886.
2, 139, 1787237
List the prime factors of 2000569898.
2, 251, 277, 14387
List the prime factors of 474489599.
113, 4199023
What are the prime factors of 3853384?
2, 481673
List the prime factors of 1257691986.
2, 3, 151, 462727
List the prime factors of 433685337.
3, 239, 604861
What are the prime factors of 52392198?
2, 3, 17, 513649
List the prime factors of 1434228114.
2, 3, 11, 37, 241, 2437
List the prime factors of 8159544362.
2, 37, 139, 563, 1409
What are the prime factors of 287022621?
3, 95674207
List the prime factors of 22877891.
1663, 13757
List the prime factors of 28507093.
67, 139, 3061
List the prime factors of 2544724669.
23, 53, 2087551
List the prime factors of 223055883.
3, 163, 50683
What are the prime factors of 677555510?
2, 5, 67755551
List the prime factors of 208970901.
3, 367, 21089
List the prime factors of 879778125.
3, 5, 10427
What are the prime factors of 199718427?
3, 4787, 13907
What are the prime factors of 42736693?
31, 1378603
What are the prime factors of 47265180?
2, 3, 5, 83, 9491
What are the prime factors of 452487066?
2, 3, 2011, 37501
What are the prime factors of 416120463?
3, 11, 19, 37, 1993
What are the prime factors of 4664421879?
3, 13, 67, 331, 5393
What are the prime factors of 118655179?
118655179
List the prime factors of 931113850.
2, 5, 18622277
List the prime factors of 985757983.
7, 7673, 18353
List the prime factors of 170799614.
2, 85399807
What are the prime factors of 116572991?
116572991
What are the prime factors of 12090937?
12090937
What are the prime factors of 56320693?
11, 13, 19, 1091
What are the prime factors of 107917948?
2, 19, 1419973
List the prime factors of 682469484.
2, 3, 337, 168761
What are the prime factors of 9762162?
2, 3, 19, 4507
What are the prime factors of 5825224109?
83, 359, 195497
What are the prime factors of 194495667?
3, 317, 204517
List the prime factors of 9062576871.
3, 127, 23786291
List the prime factors of 9029202326.
2, 4514601163
List the prime factors of 48125656.
2, 967, 6221
List the prime factors of 105002216.
2, 11, 43, 27749
What are the prime factors of 90617292?
2, 3, 37, 7559
What are the prime factors of 306476184?
2, 3, 7, 260609
List the prime factors of 183148965.
3, 5, 1356659
List the prime factors of 51758426.
2, 25879213
What are the prime factors of 44605796?
2, 11151449
What are the prime factors of 35895438?
2, 3, 1994191
What are the prime factors of 229720739?
229720739
List the prime factors of 4644690253.
7, 37, 365983
What are the prime factors of 351239413?
7, 47, 1067597
What are the prime factors of 238784522?
2, 3793, 31477
List the prime factors of 62360839.
211, 337, 877
What are the prime factors of 940681740?
2, 3, 5, 17, 922237
List the prime factors of 966190893.
3, 131, 2458501
List the prime factors of 1770762007.
7, 17, 109, 211, 647
List the prime factors of 59740548.
2, 3, 7, 751, 947
List the prime factors of 79351967.
7873, 10079
List the prime factors of 671661483.
3, 17, 139, 94747
List the prime factors of 212053768.
2, 26506721
What are the prime factors of 430447108?
2, 7, 13, 1182547
What are the prime factors of 415772528?
2, 47, 59, 9371
List the prime factors of 88570946.
2, 631, 70183
What are the prime factors of 97033839?
3, 7, 41, 251, 449
What are the prime factors of 185709935?
5, 23, 653, 2473
What are the prime factors of 15700830?
2, 3, 5, 337, 1553
List the prime factors of 4551948336.
2, 3, 13, 1951, 3739
What are the prime factors of 101565613?
43, 2361991
List the prime factors of 1186776851.
13, 17, 773, 6947
List the prime factors of 231970665.
3, 5, 53, 431, 677
List the prime factors of 73526176.
2, 2297693
What are the prime factors of 40249357?
113, 131, 2719
List the prime factors of 121612523.
23, 5287501
List the 